{"id":13487,"date":"2025-05-05T08:49:28","date_gmt":"2025-05-05T06:49:28","guid":{"rendered":"https:\/\/ptm-mechatronics.com\/?page_id=13487"},"modified":"2025-05-05T08:50:50","modified_gmt":"2025-05-05T06:50:50","slug":"youtube-datenschutzerklaerung-impressum","status":"publish","type":"page","link":"https:\/\/ptm-mechatronics.com\/pl\/youtube-datenschutzerklaerung-impressum\/","title":{"rendered":"Youtube Datenschutzerklaerung Impressum"},"content":{"rendered":"<div>\n<h1>Nadruk<\/h1>\n<p>PTM mechatronics GmbH<br \/>\nPark przemys\u0142owy 1<br \/>\n82281 Egenhofen<br \/>\nNiemcy<\/p>\n<p>Telefon: 08134257970<br \/>\nE-mail: info@ptm-mechatronics.com<\/p>\n<p>S\u0105d rejestrowy: s\u0105d rejonowy w Monachium<br \/>\nNumer rejestracyjny: HRB 84593<\/p>\n<p>Dyrektor zarz\u0105dzaj\u0105cy: Carsten Angermeyer<\/p>\n<\/div>\n<div id=\"itkanzlei_txt_copyright\">\n<div>\n<div>\n<h1>Informacje na temat ochrony danych<\/h1>\n<h2>1) Informacje o gromadzeniu danych osobowych i dane kontaktowe administratora danych<\/h2>\n<p><b>1.1<\/b>\u00a0Poni\u017cej informujemy o przetwarzaniu danych osobowych u\u017cytkownik\u00f3w. Dane osobowe to wszystkie dane, za pomoc\u0105 kt\u00f3rych mo\u017cna zidentyfikowa\u0107 u\u017cytkownika.<\/p>\n<p>Prosimy o dok\u0142adne sprawdzenie, jakie dane osobowe udost\u0119pniasz nam za po\u015brednictwem YouTube. Wyra\u017anie zaznaczamy, \u017ce YouTube przechowuje dane swoich u\u017cytkownik\u00f3w (np. dane osobowe, adres IP itp.) i mo\u017ce je r\u00f3wnie\u017c wykorzystywa\u0107 do cel\u00f3w biznesowych.<\/p>\n<p>Nie mamy wp\u0142ywu na gromadzenie i dalsze przetwarzanie danych przez YouTube. Ponadto nie jest dla nas jasne, w jakim stopniu, gdzie i jak d\u0142ugo dane s\u0105 przechowywane, w jakim stopniu YouTube wype\u0142nia istniej\u0105ce zobowi\u0105zania dotycz\u0105ce usuwania danych, jakie oceny i powi\u0105zania s\u0105 dokonywane z danymi i komu dane s\u0105 przekazywane. Je\u015bli u\u017cytkownik chce uniemo\u017cliwi\u0107 YouTube przetwarzanie danych osobowych, kt\u00f3re nam przekaza\u0142, prosimy o kontakt w inny spos\u00f3b. Nasze pe\u0142ne dane kontaktowe mo\u017cna znale\u017a\u0107 w naszej nocie prawnej na YouTube.<\/p>\n<p><b>1.2<\/b>\u00a0PTM mechatronics GmbH, Gewerbepark 1, 82281 Egenhofen, Niemcy, tel.: 08134257970, e-mail: info@ptm-mechatronics.com, jest odpowiedzialna za przetwarzanie danych w rozumieniu og\u00f3lnego rozporz\u0105dzenia o ochronie danych (RODO), o ile przetwarzamy dane, kt\u00f3re przekazujesz nam za po\u015brednictwem YouTube wy\u0142\u0105cznie we w\u0142asnym zakresie.<\/p>\n<p>W zakresie, w jakim dane przekazywane nam za po\u015brednictwem YouTube s\u0105 r\u00f3wnie\u017c lub wy\u0142\u0105cznie przetwarzane przez YouTube, Google Ireland Limited, Gordon House, 4 Barrow St, Dublin, D04 E5W5, Irlandia, jest r\u00f3wnie\u017c odpowiedzialna za przetwarzanie danych w rozumieniu og\u00f3lnego rozporz\u0105dzenia o ochronie danych (RODO).<\/p>\n<p>Wi\u0119cej informacji na temat przetwarzania danych przez Google Ireland Limited mo\u017cna znale\u017a\u0107 w polityce prywatno\u015bci Google Ireland Limited pod adresem <a href=\"https:\/\/policies.google.com\/privacy?hl=de&amp;gl=de\" target=\"_blank\" rel=\"noopener\">https:\/\/policies.google.com<wbr \/>\/prywatno\u015b\u0107<wbr \/>?hl=pl<wbr \/>&amp;gl=pl<\/a>. Niniejsza polityka prywatno\u015bci dotyczy wszystkich us\u0142ug oferowanych przez Google Ireland Limited i jej sp\u00f3\u0142ki stowarzyszone, w tym YouTube. Podczas korzystania z YouTube dane osobowe mog\u0105 by\u0107 r\u00f3wnie\u017c przesy\u0142ane na serwery Google LLC. w USA.<\/p>\n<p>W przypadku przekazywania danych do USA dostawca podpisa\u0142 umow\u0119 EU-US Data Privacy Framework, kt\u00f3ra zapewnia zgodno\u015b\u0107 z europejskim poziomem ochrony danych na podstawie decyzji Komisji Europejskiej stwierdzaj\u0105cej odpowiedni poziom ochrony.<\/p>\n<p>Administratorem danych osobowych jest osoba fizyczna lub prawna, kt\u00f3ra samodzielnie lub wsp\u00f3lnie z innymi ustala cele i sposoby przetwarzania danych osobowych.<\/p>\n<h2>2) Inspektor ochrony danych<\/h2>\n<p>Mo\u017cesz skontaktowa\u0107 si\u0119 z naszym inspektorem ochrony danych w nast\u0119puj\u0105cy spos\u00f3b \u201eSarah Angermeyer, Gewerbepark 1, 82281 Egenhofen, sa@ptm-mechatronics.com\u201c<\/p>\n<h2>3) Przetwarzanie danych podczas nawi\u0105zywania kontaktu<\/h2>\n<p>Sami gromadzimy dane osobowe, gdy u\u017cytkownik kontaktuje si\u0119 z nami, np. za po\u015brednictwem formularza kontaktowego lub komunikatora. Dane, kt\u00f3re gromadzimy, gdy u\u017cytkownik kontaktuje si\u0119 z nami za po\u015brednictwem formularza kontaktowego, mo\u017cna sprawdzi\u0107 w odpowiednim formularzu kontaktowym. Dane te s\u0105 przechowywane i wykorzystywane wy\u0142\u0105cznie w celu udzielenia odpowiedzi na zapytanie lub skontaktowania si\u0119 z u\u017cytkownikiem i zwi\u0105zanej z tym administracji technicznej. Podstaw\u0105 prawn\u0105 przetwarzania danych jest nasz uzasadniony interes polegaj\u0105cy na udzieleniu odpowiedzi na zapytanie u\u017cytkownika zgodnie z art. 6 ust. 1 lit. f RODO. Je\u015bli kontakt ma na celu zawarcie umowy, dodatkow\u0105 podstaw\u0105 prawn\u0105 przetwarzania jest art. 6 ust. 1 lit. b RODO. Dane u\u017cytkownika zostan\u0105 usuni\u0119te po ostatecznym przetworzeniu zapytania, pod warunkiem, \u017ce nie istniej\u0105 ustawowe obowi\u0105zki przechowywania danych. Zak\u0142adamy, \u017ce przetwarzanie jest zako\u0144czone, gdy z okoliczno\u015bci mo\u017cna wywnioskowa\u0107, \u017ce dana sprawa zosta\u0142a ostatecznie wyja\u015bniona.<\/p>\n<h2>4) Prawa osoby, kt\u00f3rej dane dotycz\u0105<\/h2>\n<p><b>4.1<\/b>\u00a0Obowi\u0105zuj\u0105ce przepisy o ochronie danych osobowych przyznaj\u0105 u\u017cytkownikowi kompleksowe prawa podmiotu danych (prawo dost\u0119pu i interwencji) wobec administratora w odniesieniu do przetwarzania jego danych osobowych, o kt\u00f3rych informujemy poni\u017cej:<\/p>\n<ul>\n<li>Prawo do informacji zgodnie z art. 15 RODO;<\/li>\n<li>Prawo do sprostowania danych zgodnie z art. 16 RODO;<\/li>\n<li>Prawo do usuni\u0119cia danych zgodnie z art. 17 RODO;<\/li>\n<li>Prawo do ograniczenia przetwarzania zgodnie z art. 18 RODO;<\/li>\n<li>Prawo do informacji zgodnie z art. 19 RODO;<\/li>\n<li>Prawo do przenoszenia danych zgodnie z art. 20 RODO;<\/li>\n<li>Prawo do wycofania zgody udzielonej zgodnie z art. 7 (3) RODO;<\/li>\n<li>Prawo do z\u0142o\u017cenia skargi zgodnie z art. 77 RODO.<\/li>\n<\/ul>\n<p><b>4.2<\/b>\u00a0PRAWO DO SPRZECIWU<\/p>\n<p>JE\u015aLI PRZETWARZAMY DANE OSOBOWE U\u017bYTKOWNIKA W RAMACH R\u00d3WNOWA\u017bENIA INTERES\u00d3W NA PODSTAWIE NASZEGO NADRZ\u0118DNEGO PRAWNIE UZASADNIONEGO INTERESU, U\u017bYTKOWNIK MA PRAWO W DOWOLNYM MOMENCIE WNIE\u015a\u0106 SPRZECIW WOBEC TAKIEGO PRZETWARZANIA ZE SKUTKIEM NA PRZYSZ\u0141O\u015a\u0106 Z PRZYCZYN ZWI\u0104ZANYCH Z JEGO SZCZEG\u00d3LN\u0104 SYTUACJ\u0104.<\/p>\n<p>JE\u015aLI U\u017bYTKOWNIK SKORZYSTA Z PRAWA DO SPRZECIWU, ZAPRZESTANIEMY PRZETWARZANIA PRZEDMIOTOWYCH DANYCH. ZASTRZEGAMY SOBIE JEDNAK PRAWO DO KONTYNUOWANIA PRZETWARZANIA DANYCH, JE\u015aLI B\u0118DZIEMY W STANIE WYKAZA\u0106 WA\u017bNE I UZASADNIONE PODSTAWY PRZETWARZANIA, KT\u00d3RE S\u0104 NADRZ\u0118DNE W STOSUNKU DO INTERES\u00d3W, PODSTAWOWYCH PRAW I WOLNO\u015aCI U\u017bYTKOWNIKA, LUB JE\u015aLI PRZETWARZANIE S\u0141U\u017bY USTANOWIENIU, WYKONANIU LUB OBRONIE ROSZCZE\u0143 PRAWNYCH.<\/p>\n<p>JE\u015aLI DANE OSOBOWE U\u017bYTKOWNIKA S\u0104 PRZETWARZANE PRZEZ NAS DO CEL\u00d3W MARKETINGU BEZPO\u015aREDNIEGO, U\u017bYTKOWNIK MA PRAWO W DOWOLNYM MOMENCIE WNIE\u015a\u0106 SPRZECIW WOBEC PRZETWARZANIA DOTYCZ\u0104CYCH GO DANYCH OSOBOWYCH DO CEL\u00d3W TAKIEGO MARKETINGU. U\u017bYTKOWNIK MO\u017bE WYKONA\u0106 SW\u00d3J SPRZECIW W SPOS\u00d3B OPISANY POWY\u017bEJ.<\/p>\n<p>JE\u015aLI U\u017bYTKOWNIK SKORZYSTA Z PRAWA DO SPRZECIWU, ZAPRZESTANIEMY PRZETWARZANIA PRZEDMIOTOWYCH DANYCH DO CEL\u00d3W MARKETINGU BEZPO\u015aREDNIEGO.<\/p>\n<h2>5) Okres przechowywania danych osobowych<\/h2>\n<p>Okres przechowywania danych osobowych zale\u017cy od odpowiedniej podstawy prawnej, celu przetwarzania i - w stosownych przypadkach - dodatkowo od odpowiedniego ustawowego okresu przechowywania (np. okresy przechowywania zgodnie z prawem handlowym i podatkowym).<\/p>\n<p>W przypadku przetwarzania danych osobowych na podstawie wyra\u017anej zgody zgodnie z art. 6 ust. 1 lit. a RODO, przedmiotowe dane b\u0119d\u0105 przechowywane do momentu odwo\u0142ania zgody.<\/p>\n<p>Je\u015bli istniej\u0105 ustawowe okresy przechowywania danych, kt\u00f3re s\u0105 przetwarzane w ramach zobowi\u0105za\u0144 prawnych lub podobnych na podstawie art. 6 ust. 1 lit. b RODO, dane te b\u0119d\u0105 rutynowo usuwane po up\u0142ywie okres\u00f3w przechowywania, pod warunkiem, \u017ce nie s\u0105 ju\u017c wymagane do realizacji umowy lub rozpocz\u0119cia umowy i\/lub nie mamy ju\u017c uzasadnionego interesu w dalszym przechowywaniu.<\/p>\n<p>W przypadku przetwarzania danych osobowych na podstawie art. 6 ust. 1 lit. f RODO dane te b\u0119d\u0105 przechowywane do czasu skorzystania przez u\u017cytkownika z prawa do sprzeciwu zgodnie z art. 21 ust. 1 RODO, chyba \u017ce b\u0119dziemy w stanie wykaza\u0107 istnienie wa\u017cnych prawnie uzasadnionych podstaw do przetwarzania, nadrz\u0119dnych wobec interes\u00f3w, praw i wolno\u015bci u\u017cytkownika, lub przetwarzanie s\u0142u\u017cy ustaleniu, dochodzeniu lub obronie roszcze\u0144 prawnych.<\/p>\n<p>W przypadku przetwarzania danych osobowych do cel\u00f3w marketingu bezpo\u015bredniego na podstawie art. 6 ust. 1 lit. f RODO, dane te s\u0105 przechowywane do momentu skorzystania przez u\u017cytkownika z prawa do sprzeciwu zgodnie z art. 21 ust. 2 RODO.<\/p>\n<p>O ile nie okre\u015blono inaczej w innych informacjach w niniejszym o\u015bwiadczeniu dotycz\u0105cych konkretnych sytuacji przetwarzania, przechowywane dane osobowe s\u0105 usuwane, gdy nie s\u0105 ju\u017c potrzebne do cel\u00f3w, dla kt\u00f3rych zosta\u0142y zebrane lub w inny spos\u00f3b przetworzone.<\/p>\n<\/div>\n<div id=\"itkanzlei_txt_copyright\">\n<div><a href=\"https:\/\/www.it-recht-kanzlei.de\/\" target=\"_blank\" rel=\"noopener\"><img decoding=\"async\" id=\"itkanzlei_img_copyright\" title=\"Firma prawnicza IT\" src=\"https:\/\/www.it-recht-kanzlei.de\/logo\/Copyright-Logo_Datenschutzerklaerung.png?i=52e98-3961a-39c8-907e-1\" alt=\"\u00a9 IT-Recht Kanzlei\" \/><\/a><\/div>\n<\/div>\n<\/div>\n<\/div>","protected":false},"excerpt":{"rendered":"<p>Impressum PTM mechatronics GmbH Gewerbepark 1 82281 Egenhofen Deutschland Tel.: 08134257970 E-Mail: info@ptm-mechatronics.com Registergericht: Amtsgericht m\u00fcnchen Registernummer: HRB 84593 Gesch\u00e4ftsf\u00fchrer: Carsten Angermeyer Informationen zum Datenschutz 1) Information \u00fcber die Erhebung personenbezogener Daten und Kontaktdaten des Verantwortlichen 1.1\u00a0Im Folgenden informieren wir Sie \u00fcber den Umgang mit Ihren personenbezogenen Daten. Hierbei sind personenbezogene Daten alle Daten, mit [&#8230;]\n","protected":false},"author":5,"featured_media":0,"parent":0,"menu_order":0,"comment_status":"closed","ping_status":"closed","template":"","meta":{"_acf_changed":false,"footnotes":""},"class_list":["post-13487","page","type-page","status-publish","hentry"],"acf":[],"_links":{"self":[{"href":"https:\/\/ptm-mechatronics.com\/pl\/wp-json\/wp\/v2\/pages\/13487","targetHints":{"allow":["GET"]}}],"collection":[{"href":"https:\/\/ptm-mechatronics.com\/pl\/wp-json\/wp\/v2\/pages"}],"about":[{"href":"https:\/\/ptm-mechatronics.com\/pl\/wp-json\/wp\/v2\/types\/page"}],"author":[{"embeddable":true,"href":"https:\/\/ptm-mechatronics.com\/pl\/wp-json\/wp\/v2\/users\/5"}],"replies":[{"embeddable":true,"href":"https:\/\/ptm-mechatronics.com\/pl\/wp-json\/wp\/v2\/comments?post=13487"}],"version-history":[{"count":3,"href":"https:\/\/ptm-mechatronics.com\/pl\/wp-json\/wp\/v2\/pages\/13487\/revisions"}],"predecessor-version":[{"id":13490,"href":"https:\/\/ptm-mechatronics.com\/pl\/wp-json\/wp\/v2\/pages\/13487\/revisions\/13490"}],"wp:attachment":[{"href":"https:\/\/ptm-mechatronics.com\/pl\/wp-json\/wp\/v2\/media?parent=13487"}],"curies":[{"name":"wp","href":"https:\/\/api.w.org\/{rel}","templated":true}]}}

<div>
<h1>Nadruk</h1>
<p>PTM mechatronics GmbH<br />
Park przemysłowy 1<br />
82281 Egenhofen<br />
Niemcy</p>
<p>Telefon: 08134257970<br />
E-mail: info@ptm-mechatronics.com</p>
<p>Sąd rejestrowy: sąd rejonowy w Monachium<br />
Numer rejestracyjny: HRB 84593</p>
<p>Dyrektor zarządzający: Carsten Angermeyer</p>
</div>
<div id="itkanzlei_txt_copyright">
<div>
<div>
<h1>Informacje na temat ochrony danych</h1>
<h2>1) Informacje o gromadzeniu danych osobowych i dane kontaktowe administratora danych</h2>
<p><b>1.1</b> Poniżej informujemy o przetwarzaniu danych osobowych użytkowników. Dane osobowe to wszystkie dane, za pomocą których można zidentyfikować użytkownika.</p>
<p>Prosimy o dokładne sprawdzenie, jakie dane osobowe udostępniasz nam za pośrednictwem YouTube. Wyraźnie zaznaczamy, że YouTube przechowuje dane swoich użytkowników (np. dane osobowe, adres IP itp.) i może je również wykorzystywać do celów biznesowych.</p>
<p>Nie mamy wpływu na gromadzenie i dalsze przetwarzanie danych przez YouTube. Ponadto nie jest dla nas jasne, w jakim stopniu, gdzie i jak długo dane są przechowywane, w jakim stopniu YouTube wypełnia istniejące zobowiązania dotyczące usuwania danych, jakie oceny i powiązania są dokonywane z danymi i komu dane są przekazywane. Jeśli użytkownik chce uniemożliwić YouTube przetwarzanie danych osobowych, które nam przekazał, prosimy o kontakt w inny sposób. Nasze pełne dane kontaktowe można znaleźć w naszej nocie prawnej na YouTube.</p>
<p><b>1.2</b> PTM mechatronics GmbH, Gewerbepark 1, 82281 Egenhofen, Niemcy, tel.: 08134257970, e-mail: info@ptm-mechatronics.com, jest odpowiedzialna za przetwarzanie danych w rozumieniu ogólnego rozporządzenia o ochronie danych (RODO), o ile przetwarzamy dane, które przekazujesz nam za pośrednictwem YouTube wyłącznie we własnym zakresie.</p>
<p>W zakresie, w jakim dane przekazywane nam za pośrednictwem YouTube są również lub wyłącznie przetwarzane przez YouTube, Google Ireland Limited, Gordon House, 4 Barrow St, Dublin, D04 E5W5, Irlandia, jest również odpowiedzialna za przetwarzanie danych w rozumieniu ogólnego rozporządzenia o ochronie danych (RODO).</p>
<p>Więcej informacji na temat przetwarzania danych przez Google Ireland Limited można znaleźć w polityce prywatności Google Ireland Limited pod adresem <a href="https://policies.google.com/privacy?hl=de&amp;gl=de" target="_blank" rel="noopener">https://policies.google.com<wbr />/prywatność<wbr />?hl=pl<wbr />&amp;gl=pl</a>. Niniejsza polityka prywatności dotyczy wszystkich usług oferowanych przez Google Ireland Limited i jej spółki stowarzyszone, w tym YouTube. Podczas korzystania z YouTube dane osobowe mogą być również przesyłane na serwery Google LLC. w USA.</p>
<p>W przypadku przekazywania danych do USA dostawca podpisał umowę EU-US Data Privacy Framework, która zapewnia zgodność z europejskim poziomem ochrony danych na podstawie decyzji Komisji Europejskiej stwierdzającej odpowiedni poziom ochrony.</p>
<p>Administratorem danych osobowych jest osoba fizyczna lub prawna, która samodzielnie lub wspólnie z innymi ustala cele i sposoby przetwarzania danych osobowych.</p>
<h2>2) Inspektor ochrony danych</h2>
<p>Możesz skontaktować się z naszym inspektorem ochrony danych w następujący sposób „Sarah Angermeyer, Gewerbepark 1, 82281 Egenhofen, sa@ptm-mechatronics.com“</p>
<h2>3) Przetwarzanie danych podczas nawiązywania kontaktu</h2>
<p>Sami gromadzimy dane osobowe, gdy użytkownik kontaktuje się z nami, np. za pośrednictwem formularza kontaktowego lub komunikatora. Dane, które gromadzimy, gdy użytkownik kontaktuje się z nami za pośrednictwem formularza kontaktowego, można sprawdzić w odpowiednim formularzu kontaktowym. Dane te są przechowywane i wykorzystywane wyłącznie w celu udzielenia odpowiedzi na zapytanie lub skontaktowania się z użytkownikiem i związanej z tym administracji technicznej. Podstawą prawną przetwarzania danych jest nasz uzasadniony interes polegający na udzieleniu odpowiedzi na zapytanie użytkownika zgodnie z art. 6 ust. 1 lit. f RODO. Jeśli kontakt ma na celu zawarcie umowy, dodatkową podstawą prawną przetwarzania jest art. 6 ust. 1 lit. b RODO. Dane użytkownika zostaną usunięte po ostatecznym przetworzeniu zapytania, pod warunkiem, że nie istnieją ustawowe obowiązki przechowywania danych. Zakładamy, że przetwarzanie jest zakończone, gdy z okoliczności można wywnioskować, że dana sprawa została ostatecznie wyjaśniona.</p>
<h2>4) Prawa osoby, której dane dotyczą</h2>
<p><b>4.1</b> Obowiązujące przepisy o ochronie danych osobowych przyznają użytkownikowi kompleksowe prawa podmiotu danych (prawo dostępu i interwencji) wobec administratora w odniesieniu do przetwarzania jego danych osobowych, o których informujemy poniżej:</p>
<ul>
<li>Prawo do informacji zgodnie z art. 15 RODO;</li>
<li>Prawo do sprostowania danych zgodnie z art. 16 RODO;</li>
<li>Prawo do usunięcia danych zgodnie z art. 17 RODO;</li>
<li>Prawo do ograniczenia przetwarzania zgodnie z art. 18 RODO;</li>
<li>Prawo do informacji zgodnie z art. 19 RODO;</li>
<li>Prawo do przenoszenia danych zgodnie z art. 20 RODO;</li>
<li>Prawo do wycofania zgody udzielonej zgodnie z art. 7 (3) RODO;</li>
<li>Prawo do złożenia skargi zgodnie z art. 77 RODO.</li>
</ul>
<p><b>4.2</b> PRAWO DO SPRZECIWU</p>
<p>JEŚLI PRZETWARZAMY DANE OSOBOWE UŻYTKOWNIKA W RAMACH RÓWNOWAŻENIA INTERESÓW NA PODSTAWIE NASZEGO NADRZĘDNEGO PRAWNIE UZASADNIONEGO INTERESU, UŻYTKOWNIK MA PRAWO W DOWOLNYM MOMENCIE WNIEŚĆ SPRZECIW WOBEC TAKIEGO PRZETWARZANIA ZE SKUTKIEM NA PRZYSZŁOŚĆ Z PRZYCZYN ZWIĄZANYCH Z JEGO SZCZEGÓLNĄ SYTUACJĄ.</p>
<p>JEŚLI UŻYTKOWNIK SKORZYSTA Z PRAWA DO SPRZECIWU, ZAPRZESTANIEMY PRZETWARZANIA PRZEDMIOTOWYCH DANYCH. ZASTRZEGAMY SOBIE JEDNAK PRAWO DO KONTYNUOWANIA PRZETWARZANIA DANYCH, JEŚLI BĘDZIEMY W STANIE WYKAZAĆ WAŻNE I UZASADNIONE PODSTAWY PRZETWARZANIA, KTÓRE SĄ NADRZĘDNE W STOSUNKU DO INTERESÓW, PODSTAWOWYCH PRAW I WOLNOŚCI UŻYTKOWNIKA, LUB JEŚLI PRZETWARZANIE SŁUŻY USTANOWIENIU, WYKONANIU LUB OBRONIE ROSZCZEŃ PRAWNYCH.</p>
<p>JEŚLI DANE OSOBOWE UŻYTKOWNIKA SĄ PRZETWARZANE PRZEZ NAS DO CELÓW MARKETINGU BEZPOŚREDNIEGO, UŻYTKOWNIK MA PRAWO W DOWOLNYM MOMENCIE WNIEŚĆ SPRZECIW WOBEC PRZETWARZANIA DOTYCZĄCYCH GO DANYCH OSOBOWYCH DO CELÓW TAKIEGO MARKETINGU. UŻYTKOWNIK MOŻE WYKONAĆ SWÓJ SPRZECIW W SPOSÓB OPISANY POWYŻEJ.</p>
<p>JEŚLI UŻYTKOWNIK SKORZYSTA Z PRAWA DO SPRZECIWU, ZAPRZESTANIEMY PRZETWARZANIA PRZEDMIOTOWYCH DANYCH DO CELÓW MARKETINGU BEZPOŚREDNIEGO.</p>
<h2>5) Okres przechowywania danych osobowych</h2>
<p>Okres przechowywania danych osobowych zależy od odpowiedniej podstawy prawnej, celu przetwarzania i - w stosownych przypadkach - dodatkowo od odpowiedniego ustawowego okresu przechowywania (np. okresy przechowywania zgodnie z prawem handlowym i podatkowym).</p>
<p>W przypadku przetwarzania danych osobowych na podstawie wyraźnej zgody zgodnie z art. 6 ust. 1 lit. a RODO, przedmiotowe dane będą przechowywane do momentu odwołania zgody.</p>
<p>Jeśli istnieją ustawowe okresy przechowywania danych, które są przetwarzane w ramach zobowiązań prawnych lub podobnych na podstawie art. 6 ust. 1 lit. b RODO, dane te będą rutynowo usuwane po upływie okresów przechowywania, pod warunkiem, że nie są już wymagane do realizacji umowy lub rozpoczęcia umowy i/lub nie mamy już uzasadnionego interesu w dalszym przechowywaniu.</p>
<p>W przypadku przetwarzania danych osobowych na podstawie art. 6 ust. 1 lit. f RODO dane te będą przechowywane do czasu skorzystania przez użytkownika z prawa do sprzeciwu zgodnie z art. 21 ust. 1 RODO, chyba że będziemy w stanie wykazać istnienie ważnych prawnie uzasadnionych podstaw do przetwarzania, nadrzędnych wobec interesów, praw i wolności użytkownika, lub przetwarzanie służy ustaleniu, dochodzeniu lub obronie roszczeń prawnych.</p>
<p>W przypadku przetwarzania danych osobowych do celów marketingu bezpośredniego na podstawie art. 6 ust. 1 lit. f RODO, dane te są przechowywane do momentu skorzystania przez użytkownika z prawa do sprzeciwu zgodnie z art. 21 ust. 2 RODO.</p>
<p>O ile nie określono inaczej w innych informacjach w niniejszym oświadczeniu dotyczących konkretnych sytuacji przetwarzania, przechowywane dane osobowe są usuwane, gdy nie są już potrzebne do celów, dla których zostały zebrane lub w inny sposób przetworzone.</p>
</div>
<div id="itkanzlei_txt_copyright">
<div><a href="https://www.it-recht-kanzlei.de/" target="_blank" rel="noopener"><img decoding="async" id="itkanzlei_img_copyright" title="Firma prawnicza IT" src="https://www.it-recht-kanzlei.de/logo/Copyright-Logo_Datenschutzerklaerung.png?i=52e98-3961a-39c8-907e-1" alt="© IT-Recht Kanzlei" /></a></div>
</div>
</div>
</div>

<p>Impressum PTM mechatronics GmbH Gewerbepark 1 82281 Egenhofen Deutschland Tel.: 08134257970 E-Mail: info@ptm-mechatronics.com Registergericht: Amtsgericht münchen Registernummer: HRB 84593 Geschäftsführer: Carsten Angermeyer Informationen zum Datenschutz 1) Information über die Erhebung personenbezogener Daten und Kontaktdaten des Verantwortlichen 1.1 Im Folgenden informieren wir Sie über den Umgang mit Ihren personenbezogenen Daten. Hierbei sind personenbezogene Daten alle Daten, mit [&#8230;]
