{"id":15621,"date":"2025-11-26T11:55:40","date_gmt":"2025-11-26T10:55:40","guid":{"rendered":"https:\/\/ptm-mechatronics.com\/?post_type=product&#038;p=15621"},"modified":"2025-12-03T12:48:27","modified_gmt":"2025-12-03T11:48:27","slug":"fasspumpe-fuer-verduennte-saeuren-laugen","status":"publish","type":"product","link":"https:\/\/ptm-mechatronics.com\/hu\/product\/fasspumpe-fuer-verduennte-saeuren-laugen\/","title":{"rendered":"Dobszivatty\u00fa h\u00edg\u00edtott savakhoz \u00e9s l\u00fagokhoz"},"content":{"rendered":"<h1 data-start=\"227\" data-end=\"303\"><span style=\"font-size: 75%;\">H\u00edg\u00edtott savakhoz \u00e9s l\u00fagokhoz val\u00f3 hord\u00f3szivatty\u00fa-k\u00e9szlet, azonnal haszn\u00e1latra k\u00e9szen<\/span><\/h1>\n<p data-start=\"305\" data-end=\"642\">A teljes dobszivatty\u00fa-k\u00e9szletet kifejezetten h\u00edg\u00edtott savak \u00e9s l\u00fagok biztons\u00e1gos \u00e9s k\u00e9nyelmes szivatty\u00faz\u00e1s\u00e1ra tervezt\u00e9k. A nagy teljes\u00edtm\u00e9ny\u0171 villanymotorral, a szivatty\u00faegys\u00e9ggel \u00e9s a tartoz\u00e9kok sz\u00e9les v\u00e1laszt\u00e9k\u00e1val a k\u00e9szlet azonnal haszn\u00e1lhat\u00f3 - ide\u00e1lis laborat\u00f3riumokban, gy\u00e1rt\u00e1sban vagy m\u0171helyekben val\u00f3 haszn\u00e1latra.<\/p>\n<p data-start=\"644\" data-end=\"1136\">A szivatty\u00faegys\u00e9g vegyszer\u00e1ll\u00f3 polipropil\u00e9nb\u0151l (PP) k\u00e9sz\u00fclt, rozsdamentes ac\u00e9l hajt\u00f3tengellyel, ami k\u00fcl\u00f6n\u00f6sen tart\u00f3s. A mell\u00e9kelt meger\u0151s\u00edtett PVC t\u00f6ml\u0151 (2 m, DN19) t\u00f6ml\u0151csatlakoz\u00f3val \u00e9s rozsdamentes ac\u00e9l t\u00f6ml\u0151bilincsekkel garant\u00e1lja a biztons\u00e1gos \u00e9s sziv\u00e1rg\u00e1smentes csatlakoz\u00e1st. A PP-b\u0151l k\u00e9sz\u00fclt adagol\u00f3f\u00fav\u00f3ka FPM t\u00f6m\u00edt\u00e9ssel \u00e9s rozsdamentes ac\u00e9l alkatr\u00e9szekkel biztos\u00edtja a k\u00e9nyelmes adagol\u00e1st. A PP hord\u00f3adapter \u00e9s a praktikus fali tart\u00f3 teszi teljess\u00e9 a k\u00e9szletet.<\/p>\n<p data-start=\"644\" data-end=\"1136\">A k\u00fcl\u00f6nlegess\u00e9g: A motor szersz\u00e1mok n\u00e9lk\u00fcl lev\u00e1laszthat\u00f3 a szivatty\u00fatelepr\u0151l, \u00e9s m\u00e1s szivatty\u00fatelepekhez csatlakoztathat\u00f3. Ez azt jelenti, hogy egy motor rugalmasan haszn\u00e1lhat\u00f3 t\u00f6bb szivatty\u00fa\u00e1llom\u00e1ssal. A tov\u00e1bbi alkatr\u00e9szek k\u00fcl\u00f6n-k\u00fcl\u00f6n is kaphat\u00f3k a boltban - a maxim\u00e1lis modularit\u00e1s \u00e9s alkalmazkod\u00f3k\u00e9pess\u00e9g \u00e9rdek\u00e9ben.<\/p>\n<p data-start=\"644\" data-end=\"1136\">K\u00e9szletelemek:<\/p>\n<ul>\n<li>Univerz\u00e1lis motor 230V, 50Hz, 2,5 A, 520W, IP24<\/li>\n<li>T\u00f6m\u00edt\u00e9s n\u00e9lk\u00fcli szivatty\u00faegys\u00e9g, axi\u00e1lis, polipropil\u00e9n, rozsdamentes ac\u00e9l tengely (Niro)<\/li>\n<li>Meger\u0151s\u00edtett PVC t\u00f6ml\u0151, 2 m, DN19<\/li>\n<li>T\u00f6ml\u0151csatlakoz\u00f3 PP, DN19<\/li>\n<li>2x rozsdamentes ac\u00e9l t\u00f6ml\u0151bilincsek<\/li>\n<li>Adagol\u00f3 f\u00fav\u00f3ka PP\/FPM\/Niro<\/li>\n<li>Cs\u0151adapter PP<\/li>\n<li>Fali konzol<\/li>\n<\/ul>","protected":false},"excerpt":{"rendered":"<p>H\u00edg\u00edtott savak \u00e9s l\u00fagok biztons\u00e1gos felt\u00f6lt\u00e9s\u00e9re szolg\u00e1l\u00f3 hord\u00f3szivatty\u00fa-k\u00e9szlet - teljesen felszerelt \u00e9s azonnal haszn\u00e1latra k\u00e9sz.<\/p>","protected":false},"featured_media":15655,"comment_status":"closed","ping_status":"closed","template":"","meta":{"_acf_changed":false},"product_brand":[],"product_cat":[3206,3224],"product_tag":[3226,3227,3228,3229,3230,3231,3232,3233,3234,3235],"class_list":{"0":"post-15621","1":"product","2":"type-product","3":"status-publish","4":"has-post-thumbnail","6":"product_cat-pumpentechnik","7":"product_cat-fasspumpen","8":"product_tag-fasspumpe-set","9":"product_tag-fasspumpen-komplettset","10":"product_tag-labor-fasspumpe","11":"product_tag-fasspumpenset-bs1","12":"product_tag-fasspumpe-verduennte-saeuren","13":"product_tag-fasspumpe-laugen","14":"product_tag-chemiepumpe-set","15":"product_tag-pp-fasspumpensystem","16":"product_tag-edelstahlwelle-fasspumpe","17":"product_tag-zapfpistole-fpm","18":"product_shipping_class-karton-paketversand","19":"pa_dichtung-fpm","20":"pa_foerderleistung-30-50-l-min","21":"pa_leistung-520-watt","22":"pa_material-edelstahl","23":"pa_material-polypropylen-pp","24":"pa_material-pvc","25":"pa_schutzart-ip24","26":"pa_spannung-230v","28":"first","29":"instock","30":"taxable","31":"shipping-taxable","32":"purchasable","33":"product-type-simple"},"bundled_by":[],"bundle_stock_status":"instock","bundle_stock_quantity":null,"bundle_virtual":false,"bundle_layout":"","bundle_add_to_cart_form_location":"","bundle_editable_in_cart":false,"bundle_sold_individually_context":"","bundle_item_grouping":"","bundle_min_size":"","bundle_max_size":"","bundle_price":[],"bundled_items":[],"bundle_sell_ids":[],"exclude_global_add_ons":[],"addons":[],"acf":[],"_links":{"self":[{"href":"https:\/\/ptm-mechatronics.com\/hu\/wp-json\/wp\/v2\/product\/15621","targetHints":{"allow":["GET"]}}],"collection":[{"href":"https:\/\/ptm-mechatronics.com\/hu\/wp-json\/wp\/v2\/product"}],"about":[{"href":"https:\/\/ptm-mechatronics.com\/hu\/wp-json\/wp\/v2\/types\/product"}],"replies":[{"embeddable":true,"href":"https:\/\/ptm-mechatronics.com\/hu\/wp-json\/wp\/v2\/comments?post=15621"}],"wp:featuredmedia":[{"embeddable":true,"href":"https:\/\/ptm-mechatronics.com\/hu\/wp-json\/wp\/v2\/media\/15655"}],"wp:attachment":[{"href":"https:\/\/ptm-mechatronics.com\/hu\/wp-json\/wp\/v2\/media?parent=15621"}],"wp:term":[{"taxonomy":"product_brand","embeddable":true,"href":"https:\/\/ptm-mechatronics.com\/hu\/wp-json\/wp\/v2\/product_brand?post=15621"},{"taxonomy":"product_cat","embeddable":true,"href":"https:\/\/ptm-mechatronics.com\/hu\/wp-json\/wp\/v2\/product_cat?post=15621"},{"taxonomy":"product_tag","embeddable":true,"href":"https:\/\/ptm-mechatronics.com\/hu\/wp-json\/wp\/v2\/product_tag?post=15621"}],"curies":[{"name":"wp","href":"https:\/\/api.w.org\/{rel}","templated":true}]}}

Dobszivattyú hígított savakhoz és lúgokhoz

<h1 data-start="227" data-end="303"><span style="font-size: 75%;">Hígított savakhoz és lúgokhoz való hordószivattyú-készlet, azonnal használatra készen</span></h1>
<p data-start="305" data-end="642">A teljes dobszivattyú-készletet kifejezetten hígított savak és lúgok biztonságos és kényelmes szivattyúzására tervezték. A nagy teljesítményű villanymotorral, a szivattyúegységgel és a tartozékok széles választékával a készlet azonnal használható - ideális laboratóriumokban, gyártásban vagy műhelyekben való használatra.</p>
<p data-start="644" data-end="1136">A szivattyúegység vegyszerálló polipropilénből (PP) készült, rozsdamentes acél hajtótengellyel, ami különösen tartós. A mellékelt megerősített PVC tömlő (2 m, DN19) tömlőcsatlakozóval és rozsdamentes acél tömlőbilincsekkel garantálja a biztonságos és szivárgásmentes csatlakozást. A PP-ből készült adagolófúvóka FPM tömítéssel és rozsdamentes acél alkatrészekkel biztosítja a kényelmes adagolást. A PP hordóadapter és a praktikus fali tartó teszi teljessé a készletet.</p>
<p data-start="644" data-end="1136">A különlegesség: A motor szerszámok nélkül leválasztható a szivattyútelepről, és más szivattyútelepekhez csatlakoztatható. Ez azt jelenti, hogy egy motor rugalmasan használható több szivattyúállomással. A további alkatrészek külön-külön is kaphatók a boltban - a maximális modularitás és alkalmazkodóképesség érdekében.</p>
<p data-start="644" data-end="1136">Készletelemek:</p>
<ul>
<li>Univerzális motor 230V, 50Hz, 2,5 A, 520W, IP24</li>
<li>Tömítés nélküli szivattyúegység, axiális, polipropilén, rozsdamentes acél tengely (Niro)</li>
<li>Megerősített PVC tömlő, 2 m, DN19</li>
<li>Tömlőcsatlakozó PP, DN19</li>
<li>2x rozsdamentes acél tömlőbilincsek</li>
<li>Adagoló fúvóka PP/FPM/Niro</li>
<li>Csőadapter PP</li>
<li>Fali konzol</li>
</ul>

<p>Hígított savak és lúgok biztonságos feltöltésére szolgáló hordószivattyú-készlet - teljesen felszerelt és azonnal használatra kész.</p>
