{"id":13487,"date":"2025-05-05T08:49:28","date_gmt":"2025-05-05T06:49:28","guid":{"rendered":"https:\/\/ptm-mechatronics.com\/?page_id=13487"},"modified":"2025-05-05T08:50:50","modified_gmt":"2025-05-05T06:50:50","slug":"youtube-datenschutzerklaerung-impressum","status":"publish","type":"page","link":"https:\/\/ptm-mechatronics.com\/es\/youtube-datenschutzerklaerung-impressum\/","title":{"rendered":"Youtube Datenschutzerklaerung Impressum"},"content":{"rendered":"<div>\n<h1>Pie de imprenta<\/h1>\n<p>PTM mechatronics GmbH<br \/>\nPol\u00edgono industrial 1<br \/>\n82281 Egenhofen<br \/>\nAlemania<\/p>\n<p>Tel\u00e9fono: 08134257970<br \/>\nCorreo electr\u00f3nico: info@ptm-mechatronics.com<\/p>\n<p>Tribunal de registro: tribunal de primera instancia de munich<br \/>\nN\u00famero de registro: HRB 84593<\/p>\n<p>Director General: Carsten Angermeyer<\/p>\n<\/div>\n<div id=\"itkanzlei_txt_copyright\">\n<div>\n<div>\n<h1>Informaci\u00f3n sobre protecci\u00f3n de datos<\/h1>\n<h2>1) Informaci\u00f3n sobre la recogida de datos personales y datos de contacto del responsable del tratamiento<\/h2>\n<p><b>1.1<\/b>\u00a0A continuaci\u00f3n le informamos sobre el tratamiento de sus datos personales. Los datos personales son todos aquellos con los que se le puede identificar personalmente.<\/p>\n<p>Por favor, compruebe cuidadosamente qu\u00e9 datos personales comparte con nosotros a trav\u00e9s de YouTube. Se\u00f1alamos expresamente que YouTube almacena los datos de sus usuarios (por ejemplo, informaci\u00f3n personal, direcci\u00f3n IP, etc.) y tambi\u00e9n puede utilizarlos con fines comerciales.<\/p>\n<p>No tenemos ninguna influencia sobre la recopilaci\u00f3n de datos y su posterior procesamiento por parte de YouTube. Adem\u00e1s, no tenemos claro en qu\u00e9 medida, d\u00f3nde y durante cu\u00e1nto tiempo se almacenan los datos, hasta qu\u00e9 punto YouTube cumple las obligaciones de supresi\u00f3n existentes, qu\u00e9 evaluaciones y enlaces se realizan con los datos y a qui\u00e9n se transmiten los datos. Si desea impedir que YouTube procese los datos personales que nos ha transmitido, p\u00f3ngase en contacto con nosotros por otros medios. Encontrar\u00e1 nuestros datos de contacto completos en nuestro aviso legal sobre YouTube.<\/p>\n<p><b>1.2<\/b>\u00a0PTM mechatronics GmbH, Gewerbepark 1, 82281 Egenhofen, Alemania, tel\u00e9fono: 08134257970, correo electr\u00f3nico: info@ptm-mechatronics.com, es responsable del procesamiento de datos en el sentido del Reglamento General de Protecci\u00f3n de Datos (GDPR), en la medida en que procesamos los datos que usted nos transmite a trav\u00e9s de YouTube exclusivamente nosotros mismos.<\/p>\n<p>En la medida en que los datos que nos transmita a trav\u00e9s de YouTube sean tratados tambi\u00e9n o exclusivamente por YouTube, Google Ireland Limited, Gordon House, 4 Barrow St, Dubl\u00edn, D04 E5W5, Irlanda, ser\u00e1 tambi\u00e9n responsable del tratamiento de datos en el sentido del Reglamento General de Protecci\u00f3n de Datos (RGPD).<\/p>\n<p>Para obtener m\u00e1s informaci\u00f3n sobre el tratamiento de datos por parte de Google Ireland Limited, consulte la pol\u00edtica de privacidad de Google Ireland Limited en <a href=\"https:\/\/policies.google.com\/privacy?hl=de&amp;gl=de\" target=\"_blank\" rel=\"noopener\">https:\/\/policies.google.com<wbr \/>\/privacidad<wbr \/>hl=es<wbr \/>&amp;gl=es<\/a>. Esta pol\u00edtica de privacidad se aplica a todos los servicios ofrecidos por Google Ireland Limited y sus empresas afiliadas, incluido YouTube. Cuando se utiliza YouTube, los datos personales tambi\u00e9n pueden ser transmitidos a los servidores de Google LLC. en los EE.UU..<\/p>\n<p>Para las transferencias de datos a EE.UU., el proveedor ha suscrito el Marco de Privacidad de Datos UE-EE.UU., que garantiza el cumplimiento del nivel europeo de protecci\u00f3n de datos sobre la base de una decisi\u00f3n de adecuaci\u00f3n de la Comisi\u00f3n Europea.<\/p>\n<p>El responsable del tratamiento de datos personales es la persona f\u00edsica o jur\u00eddica que, sola o conjuntamente con otras, determina los fines y medios del tratamiento de datos personales.<\/p>\n<h2>2) Responsable de la protecci\u00f3n de datos<\/h2>\n<p>Puede ponerse en contacto con nuestro responsable de protecci\u00f3n de datos de la siguiente manera \u201eSarah Angermeyer, Gewerbepark 1, 82281 Egenhofen, sa@ptm-mechatronics.com\u201c<\/p>\n<h2>3) Tratamiento de datos al establecer contacto<\/h2>\n<p>Nosotros mismos recopilamos datos personales cuando usted se pone en contacto con nosotros, por ejemplo, a trav\u00e9s del formulario de contacto o del servicio de mensajer\u00eda. Puede ver qu\u00e9 datos recopilamos cuando se pone en contacto con nosotros a trav\u00e9s del formulario de contacto desde el formulario de contacto correspondiente. Estos datos se almacenan y utilizan exclusivamente con el fin de responder a su consulta o para ponernos en contacto con usted y la administraci\u00f3n t\u00e9cnica asociada. La base jur\u00eddica para el tratamiento de los datos es nuestro inter\u00e9s leg\u00edtimo en responder a su solicitud de conformidad con el art\u00edculo 6, apartado 1, letra f) del GDPR. Si su contacto tiene por objeto la celebraci\u00f3n de un contrato, la base jur\u00eddica adicional para el tratamiento es el art\u00edculo 6, apartado 1, letra b) del RGPD. Sus datos se eliminar\u00e1n una vez finalizado el tratamiento de su consulta, siempre que no existan obligaciones legales de conservaci\u00f3n que establezcan lo contrario. Consideramos que el tratamiento ha finalizado cuando de las circunstancias se deduce que el asunto en cuesti\u00f3n se ha aclarado de forma concluyente.<\/p>\n<h2>4) Derechos del interesado<\/h2>\n<p><b>4.1<\/b>\u00a0La legislaci\u00f3n aplicable en materia de protecci\u00f3n de datos le otorga amplios derechos (derechos de acceso e intervenci\u00f3n) frente al responsable del tratamiento en relaci\u00f3n con el tratamiento de sus datos personales, sobre los que le informamos a continuaci\u00f3n:<\/p>\n<ul>\n<li>Derecho a la informaci\u00f3n de conformidad con el art\u00edculo 15 del RGPD;<\/li>\n<li>Derecho de rectificaci\u00f3n de conformidad con el art\u00edculo 16 del RGPD;<\/li>\n<li>Derecho de supresi\u00f3n con arreglo al art\u00edculo 17 del RGPD;<\/li>\n<li>Derecho a la restricci\u00f3n del tratamiento de conformidad con el art\u00edculo 18 del RGPD;<\/li>\n<li>Derecho a la informaci\u00f3n de conformidad con el art\u00edculo 19 del RGPD;<\/li>\n<li>Derecho a la portabilidad de los datos de conformidad con el art\u00edculo 20 del RGPD;<\/li>\n<li>Derecho a retirar el consentimiento otorgado de conformidad con el art. 7 (3) GDPR;<\/li>\n<li>Derecho a presentar una reclamaci\u00f3n de conformidad con el art\u00edculo 77 del RGPD.<\/li>\n<\/ul>\n<p><b>4.2<\/b>\u00a0DERECHO DE OPOSICI\u00d3N<\/p>\n<p>SI TRATAMOS SUS DATOS PERSONALES COMO PARTE DE UNA PONDERACI\u00d3N DE INTERESES SOBRE LA BASE DE NUESTRO INTER\u00c9S LEG\u00cdTIMO PREPONDERANTE, TIENE DERECHO A OPONERSE A ESTE TRATAMIENTO EN CUALQUIER MOMENTO CON EFECTOS PARA EL FUTURO POR MOTIVOS RELACIONADOS CON SU SITUACI\u00d3N PARTICULAR.<\/p>\n<p>SI EJERCE SU DERECHO DE OPOSICI\u00d3N, DEJAREMOS DE TRATAR LOS DATOS EN CUESTI\u00d3N. NO OBSTANTE, NOS RESERVAMOS EL DERECHO A CONTINUAR EL TRATAMIENTO SI PODEMOS DEMOSTRAR MOTIVOS LEG\u00cdTIMOS IMPERIOSOS PARA EL TRATAMIENTO QUE PREVALEZCAN SOBRE SUS INTERESES, DERECHOS Y LIBERTADES FUNDAMENTALES, O SI EL TRATAMIENTO SIRVE PARA EL RECONOCIMIENTO, EJERCICIO O DEFENSA DE RECLAMACIONES LEGALES.<\/p>\n<p>SI TRATAMOS SUS DATOS PERSONALES CON FINES DE MERCADOTECNIA DIRECTA, USTED TIENE DERECHO A OPONERSE EN CUALQUIER MOMENTO AL TRATAMIENTO DE LOS DATOS PERSONALES QUE LE CONCIERNEN CON FINES DE DICHA MERCADOTECNIA. PUEDE EJERCER SU DERECHO DE OPOSICI\u00d3N COMO SE DESCRIBE M\u00c1S ARRIBA.<\/p>\n<p>SI EJERCE SU DERECHO DE OPOSICI\u00d3N, DEJAREMOS DE TRATAR LOS DATOS EN CUESTI\u00d3N CON FINES DE VENTA DIRECTA.<\/p>\n<h2>5) Duraci\u00f3n del almacenamiento de datos personales<\/h2>\n<p>La duraci\u00f3n del almacenamiento de los datos personales viene determinada por la base jur\u00eddica correspondiente, la finalidad del tratamiento y, si procede, tambi\u00e9n por el per\u00edodo de conservaci\u00f3n legal correspondiente (por ejemplo, los per\u00edodos de conservaci\u00f3n en virtud del Derecho mercantil y fiscal).<\/p>\n<p>Cuando se traten datos personales sobre la base de un consentimiento expreso de conformidad con el art\u00edculo 6, apartado 1, letra a) del RGPD, los datos en cuesti\u00f3n se conservar\u00e1n hasta que usted revoque su consentimiento.<\/p>\n<p>Si existen periodos de conservaci\u00f3n legales para los datos que se procesan en el marco de obligaciones legales o similares sobre la base del Art. 6 p\u00e1rrafo 1 lit. b GDPR, estos datos se eliminar\u00e1n rutinariamente despu\u00e9s de que hayan expirado los periodos de conservaci\u00f3n, siempre que ya no sean necesarios para el cumplimiento del contrato o el inicio del contrato y\/o ya no tengamos un inter\u00e9s leg\u00edtimo en su almacenamiento posterior.<\/p>\n<p>Al procesar datos personales sobre la base del Art. 6 p\u00e1rrafo 1 lit. f GDPR, estos datos se almacenar\u00e1n hasta que ejerza su derecho a oponerse de conformidad con el Art. 21 p\u00e1rrafo 1 GDPR, a menos que podamos demostrar motivos leg\u00edtimos imperiosos para el procesamiento que prevalezcan sobre sus intereses, derechos y libertades, o el procesamiento sirva para el establecimiento, ejercicio o defensa de reclamaciones legales.<\/p>\n<p>Cuando se procesan datos personales con fines de marketing directo sobre la base del art. 6 p\u00e1rr. 1 lit. f GDPR, estos datos se almacenan hasta que usted ejerce su derecho de oposici\u00f3n de conformidad con el art. 21 p\u00e1rr. 2 GDPR.<\/p>\n<p>Salvo que se indique lo contrario en el resto de la informaci\u00f3n de esta declaraci\u00f3n sobre situaciones espec\u00edficas de tratamiento, los datos personales almacenados se suprimir\u00e1n cuando ya no sean necesarios para los fines para los que fueron recogidos o tratados de otro modo.<\/p>\n<\/div>\n<div id=\"itkanzlei_txt_copyright\">\n<div><a href=\"https:\/\/www.it-recht-kanzlei.de\/\" target=\"_blank\" rel=\"noopener\"><img decoding=\"async\" id=\"itkanzlei_img_copyright\" title=\"Bufete de abogados inform\u00e1ticos\" src=\"https:\/\/www.it-recht-kanzlei.de\/logo\/Copyright-Logo_Datenschutzerklaerung.png?i=52e98-3961a-39c8-907e-1\" alt=\"\u00a9 IT-Recht Kanzlei\" \/><\/a><\/div>\n<\/div>\n<\/div>\n<\/div>","protected":false},"excerpt":{"rendered":"<p>Impressum PTM mechatronics GmbH Gewerbepark 1 82281 Egenhofen Deutschland Tel.: 08134257970 E-Mail: info@ptm-mechatronics.com Registergericht: Amtsgericht m\u00fcnchen Registernummer: HRB 84593 Gesch\u00e4ftsf\u00fchrer: Carsten Angermeyer Informationen zum Datenschutz 1) Information \u00fcber die Erhebung personenbezogener Daten und Kontaktdaten des Verantwortlichen 1.1\u00a0Im Folgenden informieren wir Sie \u00fcber den Umgang mit Ihren personenbezogenen Daten. Hierbei sind personenbezogene Daten alle Daten, mit [&#8230;]\n","protected":false},"author":5,"featured_media":0,"parent":0,"menu_order":0,"comment_status":"closed","ping_status":"closed","template":"","meta":{"_acf_changed":false,"footnotes":""},"class_list":["post-13487","page","type-page","status-publish","hentry"],"acf":[],"_links":{"self":[{"href":"https:\/\/ptm-mechatronics.com\/es\/wp-json\/wp\/v2\/pages\/13487","targetHints":{"allow":["GET"]}}],"collection":[{"href":"https:\/\/ptm-mechatronics.com\/es\/wp-json\/wp\/v2\/pages"}],"about":[{"href":"https:\/\/ptm-mechatronics.com\/es\/wp-json\/wp\/v2\/types\/page"}],"author":[{"embeddable":true,"href":"https:\/\/ptm-mechatronics.com\/es\/wp-json\/wp\/v2\/users\/5"}],"replies":[{"embeddable":true,"href":"https:\/\/ptm-mechatronics.com\/es\/wp-json\/wp\/v2\/comments?post=13487"}],"version-history":[{"count":3,"href":"https:\/\/ptm-mechatronics.com\/es\/wp-json\/wp\/v2\/pages\/13487\/revisions"}],"predecessor-version":[{"id":13490,"href":"https:\/\/ptm-mechatronics.com\/es\/wp-json\/wp\/v2\/pages\/13487\/revisions\/13490"}],"wp:attachment":[{"href":"https:\/\/ptm-mechatronics.com\/es\/wp-json\/wp\/v2\/media?parent=13487"}],"curies":[{"name":"wp","href":"https:\/\/api.w.org\/{rel}","templated":true}]}}

<div>
<h1>Pie de imprenta</h1>
<p>PTM mechatronics GmbH<br />
Polígono industrial 1<br />
82281 Egenhofen<br />
Alemania</p>
<p>Teléfono: 08134257970<br />
Correo electrónico: info@ptm-mechatronics.com</p>
<p>Tribunal de registro: tribunal de primera instancia de munich<br />
Número de registro: HRB 84593</p>
<p>Director General: Carsten Angermeyer</p>
</div>
<div id="itkanzlei_txt_copyright">
<div>
<div>
<h1>Información sobre protección de datos</h1>
<h2>1) Información sobre la recogida de datos personales y datos de contacto del responsable del tratamiento</h2>
<p><b>1.1</b> A continuación le informamos sobre el tratamiento de sus datos personales. Los datos personales son todos aquellos con los que se le puede identificar personalmente.</p>
<p>Por favor, compruebe cuidadosamente qué datos personales comparte con nosotros a través de YouTube. Señalamos expresamente que YouTube almacena los datos de sus usuarios (por ejemplo, información personal, dirección IP, etc.) y también puede utilizarlos con fines comerciales.</p>
<p>No tenemos ninguna influencia sobre la recopilación de datos y su posterior procesamiento por parte de YouTube. Además, no tenemos claro en qué medida, dónde y durante cuánto tiempo se almacenan los datos, hasta qué punto YouTube cumple las obligaciones de supresión existentes, qué evaluaciones y enlaces se realizan con los datos y a quién se transmiten los datos. Si desea impedir que YouTube procese los datos personales que nos ha transmitido, póngase en contacto con nosotros por otros medios. Encontrará nuestros datos de contacto completos en nuestro aviso legal sobre YouTube.</p>
<p><b>1.2</b> PTM mechatronics GmbH, Gewerbepark 1, 82281 Egenhofen, Alemania, teléfono: 08134257970, correo electrónico: info@ptm-mechatronics.com, es responsable del procesamiento de datos en el sentido del Reglamento General de Protección de Datos (GDPR), en la medida en que procesamos los datos que usted nos transmite a través de YouTube exclusivamente nosotros mismos.</p>
<p>En la medida en que los datos que nos transmita a través de YouTube sean tratados también o exclusivamente por YouTube, Google Ireland Limited, Gordon House, 4 Barrow St, Dublín, D04 E5W5, Irlanda, será también responsable del tratamiento de datos en el sentido del Reglamento General de Protección de Datos (RGPD).</p>
<p>Para obtener más información sobre el tratamiento de datos por parte de Google Ireland Limited, consulte la política de privacidad de Google Ireland Limited en <a href="https://policies.google.com/privacy?hl=de&amp;gl=de" target="_blank" rel="noopener">https://policies.google.com<wbr />/privacidad<wbr />hl=es<wbr />&amp;gl=es</a>. Esta política de privacidad se aplica a todos los servicios ofrecidos por Google Ireland Limited y sus empresas afiliadas, incluido YouTube. Cuando se utiliza YouTube, los datos personales también pueden ser transmitidos a los servidores de Google LLC. en los EE.UU..</p>
<p>Para las transferencias de datos a EE.UU., el proveedor ha suscrito el Marco de Privacidad de Datos UE-EE.UU., que garantiza el cumplimiento del nivel europeo de protección de datos sobre la base de una decisión de adecuación de la Comisión Europea.</p>
<p>El responsable del tratamiento de datos personales es la persona física o jurídica que, sola o conjuntamente con otras, determina los fines y medios del tratamiento de datos personales.</p>
<h2>2) Responsable de la protección de datos</h2>
<p>Puede ponerse en contacto con nuestro responsable de protección de datos de la siguiente manera „Sarah Angermeyer, Gewerbepark 1, 82281 Egenhofen, sa@ptm-mechatronics.com“</p>
<h2>3) Tratamiento de datos al establecer contacto</h2>
<p>Nosotros mismos recopilamos datos personales cuando usted se pone en contacto con nosotros, por ejemplo, a través del formulario de contacto o del servicio de mensajería. Puede ver qué datos recopilamos cuando se pone en contacto con nosotros a través del formulario de contacto desde el formulario de contacto correspondiente. Estos datos se almacenan y utilizan exclusivamente con el fin de responder a su consulta o para ponernos en contacto con usted y la administración técnica asociada. La base jurídica para el tratamiento de los datos es nuestro interés legítimo en responder a su solicitud de conformidad con el artículo 6, apartado 1, letra f) del GDPR. Si su contacto tiene por objeto la celebración de un contrato, la base jurídica adicional para el tratamiento es el artículo 6, apartado 1, letra b) del RGPD. Sus datos se eliminarán una vez finalizado el tratamiento de su consulta, siempre que no existan obligaciones legales de conservación que establezcan lo contrario. Consideramos que el tratamiento ha finalizado cuando de las circunstancias se deduce que el asunto en cuestión se ha aclarado de forma concluyente.</p>
<h2>4) Derechos del interesado</h2>
<p><b>4.1</b> La legislación aplicable en materia de protección de datos le otorga amplios derechos (derechos de acceso e intervención) frente al responsable del tratamiento en relación con el tratamiento de sus datos personales, sobre los que le informamos a continuación:</p>
<ul>
<li>Derecho a la información de conformidad con el artículo 15 del RGPD;</li>
<li>Derecho de rectificación de conformidad con el artículo 16 del RGPD;</li>
<li>Derecho de supresión con arreglo al artículo 17 del RGPD;</li>
<li>Derecho a la restricción del tratamiento de conformidad con el artículo 18 del RGPD;</li>
<li>Derecho a la información de conformidad con el artículo 19 del RGPD;</li>
<li>Derecho a la portabilidad de los datos de conformidad con el artículo 20 del RGPD;</li>
<li>Derecho a retirar el consentimiento otorgado de conformidad con el art. 7 (3) GDPR;</li>
<li>Derecho a presentar una reclamación de conformidad con el artículo 77 del RGPD.</li>
</ul>
<p><b>4.2</b> DERECHO DE OPOSICIÓN</p>
<p>SI TRATAMOS SUS DATOS PERSONALES COMO PARTE DE UNA PONDERACIÓN DE INTERESES SOBRE LA BASE DE NUESTRO INTERÉS LEGÍTIMO PREPONDERANTE, TIENE DERECHO A OPONERSE A ESTE TRATAMIENTO EN CUALQUIER MOMENTO CON EFECTOS PARA EL FUTURO POR MOTIVOS RELACIONADOS CON SU SITUACIÓN PARTICULAR.</p>
<p>SI EJERCE SU DERECHO DE OPOSICIÓN, DEJAREMOS DE TRATAR LOS DATOS EN CUESTIÓN. NO OBSTANTE, NOS RESERVAMOS EL DERECHO A CONTINUAR EL TRATAMIENTO SI PODEMOS DEMOSTRAR MOTIVOS LEGÍTIMOS IMPERIOSOS PARA EL TRATAMIENTO QUE PREVALEZCAN SOBRE SUS INTERESES, DERECHOS Y LIBERTADES FUNDAMENTALES, O SI EL TRATAMIENTO SIRVE PARA EL RECONOCIMIENTO, EJERCICIO O DEFENSA DE RECLAMACIONES LEGALES.</p>
<p>SI TRATAMOS SUS DATOS PERSONALES CON FINES DE MERCADOTECNIA DIRECTA, USTED TIENE DERECHO A OPONERSE EN CUALQUIER MOMENTO AL TRATAMIENTO DE LOS DATOS PERSONALES QUE LE CONCIERNEN CON FINES DE DICHA MERCADOTECNIA. PUEDE EJERCER SU DERECHO DE OPOSICIÓN COMO SE DESCRIBE MÁS ARRIBA.</p>
<p>SI EJERCE SU DERECHO DE OPOSICIÓN, DEJAREMOS DE TRATAR LOS DATOS EN CUESTIÓN CON FINES DE VENTA DIRECTA.</p>
<h2>5) Duración del almacenamiento de datos personales</h2>
<p>La duración del almacenamiento de los datos personales viene determinada por la base jurídica correspondiente, la finalidad del tratamiento y, si procede, también por el período de conservación legal correspondiente (por ejemplo, los períodos de conservación en virtud del Derecho mercantil y fiscal).</p>
<p>Cuando se traten datos personales sobre la base de un consentimiento expreso de conformidad con el artículo 6, apartado 1, letra a) del RGPD, los datos en cuestión se conservarán hasta que usted revoque su consentimiento.</p>
<p>Si existen periodos de conservación legales para los datos que se procesan en el marco de obligaciones legales o similares sobre la base del Art. 6 párrafo 1 lit. b GDPR, estos datos se eliminarán rutinariamente después de que hayan expirado los periodos de conservación, siempre que ya no sean necesarios para el cumplimiento del contrato o el inicio del contrato y/o ya no tengamos un interés legítimo en su almacenamiento posterior.</p>
<p>Al procesar datos personales sobre la base del Art. 6 párrafo 1 lit. f GDPR, estos datos se almacenarán hasta que ejerza su derecho a oponerse de conformidad con el Art. 21 párrafo 1 GDPR, a menos que podamos demostrar motivos legítimos imperiosos para el procesamiento que prevalezcan sobre sus intereses, derechos y libertades, o el procesamiento sirva para el establecimiento, ejercicio o defensa de reclamaciones legales.</p>
<p>Cuando se procesan datos personales con fines de marketing directo sobre la base del art. 6 párr. 1 lit. f GDPR, estos datos se almacenan hasta que usted ejerce su derecho de oposición de conformidad con el art. 21 párr. 2 GDPR.</p>
<p>Salvo que se indique lo contrario en el resto de la información de esta declaración sobre situaciones específicas de tratamiento, los datos personales almacenados se suprimirán cuando ya no sean necesarios para los fines para los que fueron recogidos o tratados de otro modo.</p>
</div>
<div id="itkanzlei_txt_copyright">
<div><a href="https://www.it-recht-kanzlei.de/" target="_blank" rel="noopener"><img decoding="async" id="itkanzlei_img_copyright" title="Bufete de abogados informáticos" src="https://www.it-recht-kanzlei.de/logo/Copyright-Logo_Datenschutzerklaerung.png?i=52e98-3961a-39c8-907e-1" alt="© IT-Recht Kanzlei" /></a></div>
</div>
</div>
</div>

<p>Impressum PTM mechatronics GmbH Gewerbepark 1 82281 Egenhofen Deutschland Tel.: 08134257970 E-Mail: info@ptm-mechatronics.com Registergericht: Amtsgericht münchen Registernummer: HRB 84593 Geschäftsführer: Carsten Angermeyer Informationen zum Datenschutz 1) Information über die Erhebung personenbezogener Daten und Kontaktdaten des Verantwortlichen 1.1 Im Folgenden informieren wir Sie über den Umgang mit Ihren personenbezogenen Daten. Hierbei sind personenbezogene Daten alle Daten, mit [&#8230;]
